emainder when l(-20) is divided by 15?
14
Let u(m) = m**3 + 3*m**2 - m. Suppose 5*b - k + 11 + 24 = 0, -8 = 3*b + 2*k. What is the remainder when 12/(-18) - 28/b is divided by u(-3)?
1
Suppose -4*i = -3*c + 275 - 42, 0 = -5*i + 20. Calculate the remainder when c is divided by 17.
15
Let n(f) = f**2 - 5*f + 2. What is the remainder when n(-4) is divided by -3 - ((-1)/(-3) - (-40)/(-3))?
8
Let k be 1 + -3 + 6 + 2. Let v = k - 3. Suppose 2 = -v*n + 8. What is the remainder when 2 is divided by n?
0
Let a = -1 + 13. Let c(q) = 6*q + 45. What is the remainder when c(-2) is divided by a?
9
Let l(t) = -t**3 - 3*t**2 + 12*t + 28. Calculate the remainder when 106 is divided by l(-5).
16
Let c be (-3 - -9)*8/3. Suppose 0 = 4*z - c, 4*z + 38 = 3*k - 0*z. Calculate the remainder when k is divided by 7.
4
Let y = -14 - -4. Let s(b) = b**2 + 6*b - 4. Let x be s(-6). Let q = x - y. Calculate the remainder when 9 is divided by q.
3
Let j(u) = -u**2 + 17*u + 21. Calculate the remainder when j(14) is divided by 17.
12
Let x = 3 + 0. Calculate the remainder when 7 is divided by x.
1
Let s(a) = -5*a - 18. Calculate the remainder when 125 is divided by s(-12).
41
Let w(n) = 16*n**2 + 5*n + 3. Calculate the remainder when w(-2) is divided by 15.
12
Let o = -17 - -31. Calculate the remainder when 50 is divided by o.
8
Let r(k) = 35*k**2 - 4*k. What is the remainder when r(-1) is divided by 14?
11
Let l(b) = b**3 - 2*b**2 - 2*b - 3. Let n be l(3). Suppose n*u - 4*u = -28. What is the remainder when u is divided by 5?
2
Suppose 4*u - 4*q = -40 - 24, -5*u + q = 88. Let v = 42 + u. Calculate the remainder when v is divided by 13.
11
Suppose 7*v + 70 = 12*v. Let m = -95 - -148. Calculate the remainder when m is divided by v.
11
Suppose -4*a = 2*p - 13 - 7, -a = p - 6. Let k(n) = 13 - n**2 + 2*n**p + 10*n + 0. What is the remainder when 10 is divided by k(-9)?
2
Let i be 107/4 - 1/(-4). Suppose -4*p + i = -p. Calculate the remainder when (-2)/(-5) + -164*(-33)/220 is divided by p.
7
Let c be (-30)/(-4)*4/(-5). Let m = 11 + c. What is the remainder when 9 is divided by m?
4
Let x = 11 + -2. Suppose -49 + x = -4*j. What is the remainder when 27 is divided by j?
7
Let l(q) = 3*q - 1. Let s be l(1). What is the remainder when s - (-1 - 36 - -2) is divided by 20?
17
Let p(d) = d**3 + 7*d**2 + d + 10. Let b be p(-7). Suppose 0*m = b*m - 9. Let w = -10 + 17. Calculate the remainder when w is divided by m.
1
What is the remainder when 31 is divided by (154/70)/(2/10)?
9
Suppose 0 = 4*q + 2 - 10, 2*i - 70 = 4*q. What is the remainder when i is divided by ((-20)/6)/(1/(-3))?
9
Suppose 0 = -41*p + 42*p - 6. What is the remainder when p is divided by 4?
2
Let w(r) = r + 10. Suppose 2*l - 6*j + 3*j = -22, -5*j = -2*l - 26. Let u be w(l). Let g(o) = 8*o - 3. Calculate the remainder when 24 is divided by g(u).
11
Suppose -u + 0*u = 5, 4*a + 25 = -u. Let l(w) = 19 - w**2 + 3*w + 2*w**2 - 12. What is the remainder when l(a) is divided by 6?
5
Suppose 0 = -4*l - 8*i + 3*i + 18, 5*l - 5*i = 0. Let c(r) = 0*r - l*r - 1 + r**2 + 4*r. What is the remainder when 13 is divided by c(2)?
6
Let p = -221 - 311. Calculate the remainder when 29 is divided by p/(-36) + (-2)/(-9).
14
Let k(b) = b**2 - 5*b + 10. Let c be k(-9). Let g be (-9)/(-6)*c/6. Suppose -d - 4*w + 0*w = -g, -w = -5*d + 212. What is the remainder when d is divided by 22?
20
Let d = 55 + -33. Let c(r) = -2*r - 2. Let s be c(12). What is the remainder when d is divided by 4/s - (-632)/52?
10
Suppose -5*n = 5 - 65. Calculate the remainder when 34 is divided by n - 6 - (1 - 4).
7
Suppose 2*g + 0*j - 25 = -j, -g = 5*j - 8. What is the remainder when g is divided by 7?
6
Let r(n) = n + 16. Calculate the remainder when r(15) is divided by 16.
15
Let n(b) = 12*b - 45. Calculate the remainder when 161 is divided by n(6).
26
Let v = 102 - 74. What is the remainder when v is divided by 17?
11
Suppose 3*v + 10 = 5*v. What is the remainder when 12 is divided by v?
2
Let d = -1 + 22. Let b = d - 12. Calculate the remainder when b is divided by 5.
4
Let v be (5*1)/(7/21). Let x = -5 + v. What is the remainder when x is divided by 3?
1
Let z = 96 + -92. Suppose 0 = 4*o - o - 51. Calculate the remainder when o is divided by z.
1
Suppose 12 + 5 = -y. Let t = y + 2. Let g = 4 - t. Calculate the remainder when g is divided by 7.
5
Let y = 28 - 1. Let b(q) = q + 9. Calculate the remainder when 171/y + (-4)/(-6) is divided by b(-6).
1
Let g(o) = -o**3 + 9*o**2 + 11*o - 8. What is the remainder when g(9) is divided by 19?
15
Let i be ((-18)/(-8))/((-1)/(-8)). Let w be (-14)/i - 2/9. What is the remainder when 5 is divided by (2 + (w - -1))/1?
1
Suppose -2*q + 123 + 19 = 0. Suppose 330 = 5*n - 3*o, 13 - q = -n - o. What is the remainder when n is divided by 16?
15
Let b = 193 + -94. Suppose 2*o - 3*z = b, 5*o - 86 = -2*z + 114. Calculate the remainder when o is divided by 22.
20
What is the remainder when (-7 + -1)/(6/(-33)) is divided by 276/4*2/6?
21
Calculate the remainder when 3 is divided by 4/(-2) - (-1 + -9 + 6).
1
What is the remainder when (-2 + 3)*26 - -3 is divided by 15?
14
Let m(c) = -3*c + 8. Let k be m(-10). Suppose -t = t - k. What is the remainder when t is divided by 11?
8
Let z = -146 - -214. Let y = -40 + z. Calculate the remainder when y is divided by (-1)/(-1) - (-10 + 1).
8
Let s = -1 - 6. What is the remainder when (s/14)/(1/(-38)) is divided by 5?
4
Let j = -39 - -51. What is the remainder when 41 is divided by j?
5
Let s = 26 - -5. Suppose -4*w + 2*w = -4*g + 16, -2*w - 6 = -2*g. Suppose 2*r + w*o = 22, 0*o - 3*o = 5*r - 55. What is the remainder when s is divided by r?
9
Let i(z) = 13*z + 107. Let h(s) be the first derivative of -3*s**4/4 - s**3 + 3*s**2/2 + 1. Calculate the remainder when h(-3) is divided by i(-7).
13
Let u be (1/1)/(1/(-6)). What is the remainder when 27 is divided by u/(-10) - (-64)/10?
6
Let n(r) = 9*r + 1. Let h(s) = -s**2 + s + 1. Let d(z) = -z**2 + 5*z - 1. Let w(y) = d(y) - 2*h(y). Calculate the remainder when n(3) is divided by w(-6).
13
Suppose -4*r = -20, 0 = -4*i + 4*r + r + 523. Suppose -3*v = y - i, 5*v + 0*v + 3*y = 231. Suppose 5*x - 2*x = v. What is the remainder when x is divided by 8?
7
Suppose 18 + 10 = -2*p. Let v = p - -8. What is the remainder when 3 is divided by 18/(-15)*15/v?
0
Suppose h + 34 = 2*h. Suppose -2*d + 8*g - 16 = 4*g, 3*d = -5*g - 79. What is the remainder when h is divided by (d/(-15))/((-1)/(-10))?
10
Let a be (7 - 0) + (-2 - -1). Let u = -9 - -14. Calculate the remainder when 52/6 + a/(-9) is divided by u.
3
Let y be 6/(-4)*(-48)/(-18). Let q(h) = h - 6. Let r be q(7). Calculate the remainder when r/2 + (-194)/y is divided by 17.
15
Let n(r) = 5*r**2 + 2*r - 1. Let y(w) = w**3 + 4*w**2 - 8*w - 5. Calculate the remainder when n(-3) is divided by y(-5).
8
Calculate the remainder when 74 is divided by -1*5*(-42)/14.
14
Let v = 16 + -9. What is the remainder when v is divided by (80/48)/(1/3)?
2
Let x(f) = -f**3 + 6*f**2 - 3*f + 12. Let d be x(6). Let q(v) = -v**3 - 7*v**2 - 6*v + 3. What is the remainder when 17 is divided by q(d)?
2
Let b(m) = -m**2 + 10*m - 8. Let q = 1 + -1. Let w be (8 - (1 + q)) + 0. Calculate the remainder when b(w) is divided by 7.
6
Let f(b) = -b + 7. Let l be f(6). Suppose -l = -5*r + 9. What is the remainder when 7 is divided by r?
1
Let c = -42 + 44. What is the remainder when 3 is divided by c?
1
Suppose -2*n = 3*t - t - 8, 5*n = 0. Let w = 9 + 7. Suppose t = -f + w. What is the remainder when 33 is divided by f?
9
Suppose 21 - 353 = -4*p. Let y = -54 + p. What is the remainder when y is divided by ((-2)/(-1))/((-3)/(-15))?
9
Let q = 32 + -15. Suppose l - 32 = 17. Calculate the remainder when l is divided by q.
15
Let s = 149 + -98. What is the remainder when 203 is divided by s?
50
Let h = -8 - -8. Suppose h = -u, -3*b + 4*b + 5*u = 3. Calculate the remainder when b is divided by 3.
0
Let h be 14/1 + 2 + -2. What is the remainder when 18 is divided by (-7)/h*(-20)/2?
3
Let y = -65 + 120. Calculate the remainder when y is divided by 19.
17
Let p be (-3)/9 + (-41)/3. Let r = p + 23. What is the remainder when r is divided by (-50)/15*3/(-2)?
4
Let u(r) = r**2 + r + 4. What is the remainder when 29 is divided by u(-3)?
9
Let z(g) = -g**3 + 3*g*